s the remainder when 3683 is divided by 67?
65
Calculate the remainder when 1912426 is divided by 252.
250
What is the remainder when 189383 is divided by 104?
103
Calculate the remainder when 240039 is divided by 17.
16
Calculate the remainder when 264431 is divided by 1202.
1193
Calculate the remainder when 65373 is divided by 203.
7
Calculate the remainder when 326738 is divided by 411.
404
What is the remainder when 6529 is divided by 819?
796
Calculate the remainder when 96739 is divided by 140.
139
What is the remainder when 106708 is divided by 53348?
12
Calculate the remainder when 52398 is divided by 80.
78
Calculate the remainder when 16352 is divided by 215.
12
What is the remainder when 75562 is divided by 442?
422
What is the remainder when 7047 is divided by 49?
40
Calculate the remainder when 549 is divided by 17.
5
Calculate the remainder when 3041 is divided by 54.
17
Calculate the remainder when 6279 is divided by 450.
429
Calculate the remainder when 5595 is divided by 58.
27
Calculate the remainder when 2053819 is divided by 2060.
2059
Calculate the remainder when 696189 is divided by 148.
145
Calculate the remainder when 18568 is divided by 2062.
10
Calculate the remainder when 586184 is divided by 1399.
3
Calculate the remainder when 2398 is divided by 1197.
4
What is the remainder when 5865 is divided by 614?
339
What is the remainder when 22249 is divided by 104?
97
What is the remainder when 35045 is divided by 32?
5
What is the remainder when 35758 is divided by 263?
253
Calculate the remainder when 9391 is divided by 390.
31
What is the remainder when 12369 is divided by 89?
87
What is the remainder when 91261 is divided by 5?
1
Calculate the remainder when 404770 is divided by 525.
520
What is the remainder when 1226577 is divided by 5?
2
Calculate the remainder when 2703 is divided by 299.
12
Calculate the remainder when 110585 is divided by 45.
20
Calculate the remainder when 3142 is divided by 235.
87
Calculate the remainder when 202336 is divided by 22481.
7
What is the remainder when 950 is divided by 114?
38
What is the remainder when 4201 is divided by 1773?
655
Calculate the remainder when 12161 is divided by 264.
17
What is the remainder when 27750 is divided by 9245?
15
Calculate the remainder when 7592 is divided by 863.
688
What is the remainder when 8104 is divided by 627?
580
What is the remainder when 9391 is divided by 47?
38
What is the remainder when 8059 is divided by 496?
123
Calculate the remainder when 153329 is divided by 38317.
61
What is the remainder when 37379 is divided by 140?
139
What is the remainder when 1271 is divided by 628?
15
What is the remainder when 139481 is divided by 243?
242
What is the remainder when 7231 is divided by 717?
61
Calculate the remainder when 9621 is divided by 4669.
283
What is the remainder when 75188 is divided by 3006?
38
What is the remainder when 45876 is divided by 3274?
40
Calculate the remainder when 109700 is divided by 3428.
4
Calculate the remainder when 51261 is divided by 24.
21
Calculate the remainder when 38984 is divided by 573.
20
Calculate the remainder when 17200 is divided by 2837.
178
What is the remainder when 513731 is divided by 10073?
8
Calculate the remainder when 13921 is divided by 118.
115
What is the remainder when 9305 is divided by 10?
5
Calculate the remainder when 208634 is divided by 815.
809
Calculate the remainder when 465859 is divided by 240.
19
Calculate the remainder when 225772 is divided by 274.
270
What is the remainder when 47550 is divided by 3229?
2344
What is the remainder when 68109 is divided by 108?
69
What is the remainder when 269269 is divided by 5?
4
Calculate the remainder when 7369 is divided by 1225.
19
Calculate the remainder when 14253 is divided by 1422.
33
Calculate the remainder when 1485 is divided by 27.
0
Calculate the remainder when 787 is divided by 284.
219
Calculate the remainder when 57883 is divided by 33.
1
What is the remainder when 4871 is divided by 2388?
95
What is the remainder when 174085 is divided by 744?
733
Calculate the remainder when 204821 is divided by 857.
855
What is the remainder when 74696 is divided by 20?
16
Calculate the remainder when 8485 is divided by 7369.
1116
What is the remainder when 12390 is divided by 3092?
22
Calculate the remainder when 28331 is divided by 14165.
1
What is the remainder when 409083 is divided by 51135?
3
What is the remainder when 3107 is divided by 969?
200
Calculate the remainder when 2091 is divided by 91.
89
What is the remainder when 7852 is divided by 397?
309
What is the remainder when 6582 is divided by 27?
21
What is the remainder when 11097 is divided by 132?
9
Calculate the remainder when 709 is divided by 524.
185
What is the remainder when 864819 is divided by 349?
346
Calculate the remainder when 24137 is divided by 4017.
35
What is the remainder when 93749 is divided by 30?
29
Calculate the remainder when 3167 is divided by 167.
161
Calculate the remainder when 138005 is divided by 46000.
5
What is the remainder when 25250 is divided by 57?
56
What is the remainder when 14389 is divided by 1870?
1299
Calculate the remainder when 11929 is divided by 34.
29
What is the remainder when 3981 is divided by 106?
59
Calculate the remainder when 897844 is divided by 727.
726
Calculate the remainder when 3300 is divided by 1607.
86
Calculate the remainder when 3301 is divided by 291.
100
Calculate the remainder when 19179 is divided by 19179.
0
Calculate the remainder when 16629 is divided by 387.
375
What is the remainder when 16671 is divided by 22?
17
What is the remainder when 455 is divided by 49?
14
Calculate the remainder when 16415 is divided by 20.
15
What is the remainder when 3412 is divided by 75?
37
Calculate the remainder when 58111 is divided by 11.
9
Calculate the remainder when 107446 is divided by 15348.
10
What is the remainder when 2706 is divided by 1344?
18
What is the remainder when 6861 is divided by 2955?
951
Calculate the remainder when 59112 is divided by 40.
32
What is the remainder when 33116 is divided by 2090?
1766
What is the remainder when 2747 is divided by 890?
77
Calculate the remainder when 15279 is divided by 7188.
903
Calculate the remainder when 6696 is divided by 187.
151
What is the remainder when 3495 is divided by 870?
15
Calculate the remainder when 689 is divided by 580.
109
What is the remainder when 49280 is divided by 70?
0
Calculate the remainder when 20538 is divided by 3423.
0
Calculate the remainder when 5123 is divided by 95.
88
Calculate the remainder when 21684 is divided by 181.
145
What is the remainder when 14035 is divided by 597?
304
What is the remainder when 326898 is divided by 158?
154
What is the remainder when 303514 is divided by 12?
10
Calculate the remainder when 5356 is divided by 762.
22
What is the remainder when 6271 is divided by 394?
361
Calculate the remainder when 1711 is divided by 578.
555
Calculate the remainder when 1883515 is divided by 118.
117
What is the remainder when 49974 is divided by 111?
24
What is the remainder when 2245159 is divided by 97?
94
Calculate the remainder when 7173 is divided by 5977.
1196
Calculate the remainder when 730 is divided by 129.
85
What is the remainder when 215517 is divided by 107741?
35
Calculate the remainder when 28268 is divided by 14120.
28
What is the remainder when 1299 is divided by 245?
74
Calculate the remainder when 38400 is divided by 218.
32
What is the remainder when 5814 is divided by 529?
524
Calculate the remainder when 17674 is divided by 7.
6
What is the remainder when 111016 is divided by 29?
4
Calculate the remainder when 188087 is divided by 408.
407
What is the remainder when 351164 is divided by 472?
468
Calculate the remainder when 12820 is divided by 99.
49
Calculate the remainder when 2078 is divided by 245.
118
What is the remainder when 4377 is divided by 54?
3
Calculate the remainder when 1765 is divided by 305.
240
What is the remainder when 1805654 is divided by 172?
170
Calculate the remainder when 1194822 is divided by 398272.
6
Calculate the remainder when 996599 is divided by 200.
199
Calculate the remainder when 19800 is divided by 73.
17
Calculate the remainder when 56985 